12
Let m be -2 - 120 - (-5 + -11)/(-4). Let z be 28/m + 202/36*2. Calculate the highest common divisor of 143 and z.
11
Let f be 1815/(-726)*46/(-5). Suppose -2 - 2 = 2*c, -3*c - 2 = 4*k. What is the greatest common divisor of f and k?
1
Suppose 11*v = -214 - 523. Let b be (51/(-12))/(-17) - v/4. Calculate the highest common divisor of 102 and b.
17
Suppose -135 = 5*b + 115. Let k = 85 + b. Suppose -11*s + 42 = -k. What is the greatest common factor of 49 and s?
7
Let r(q) = -q**2 - 9*q + 10. Let k be r(-10). Suppose k = 3*g + g. Suppose 4*c - 2*c - 48 = g. What is the highest common factor of c and 24?
24
Suppose -16 = -3*q - 4*j, -3*q - 4*j + 2*j + 14 = 0. Suppose -q*s = -24*s + 200. Calculate the greatest common factor of s and 40.
10
Suppose 2 = -3*x + 5, -2*y = 3*x - 77. Suppose -y = -10*q - 7. Let f be q + 90*(-6)/(-12). Calculate the greatest common factor of f and 24.
24
Let f(c) = 15*c**2 - 35*c + 15. Let z(h) = -15*h**2 + 34*h - 12. Let i(s) = -5*f(s) - 6*z(s). Let r be i(3). Calculate the highest common divisor of 75 and r.
15
Suppose 0 = t - 2*t + 27. Let v = -5808 - -5853. Calculate the highest common factor of v and t.
9
Let d(o) = o - 1. Let h(k) = -2*k**2 + 34*k + 7. Let r(n) = 5*d(n) - h(n). Let y be r(15). Suppose 1 = -2*j + y. What is the greatest common divisor of j and 2?
1
Let m be 5*(-28)/(-8)*252/45. What is the highest common divisor of 1449 and m?
7
Let s(a) = a**2 - 2*a - 2. Let f(i) = -4*i**2 - 10*i - 60. Let k(w) = f(w) + 5*s(w). Let t be k(25). What is the greatest common factor of 44 and t?
11
Suppose 208*i = 212*i - 16728. What is the greatest common divisor of i and 102?
102
Suppose 2*g + 88 = 3*k, 3*k - 132 = -3*g - 39. Let w = k - 82. Let n = w + 68. What is the highest common divisor of n and 80?
16
Suppose -4*i + 37 = -3*o + 9, 4*o - i + 46 = 0. Let g be -60*(-4)/o*-8. Suppose b = -b + g. Calculate the highest common factor of b and 16.
16
Suppose 2*a - 2*z - 80 = 0, 6*a - 4*z - 286 = -50. What is the highest common factor of a and 6194?
38
Suppose 2*s + 10 = 7*s. Let h(j) = -j**3 - 4*j**2 - 3*j. Let q be h(-3). Let i = q + 6. Calculate the greatest common factor of i and s.
2
Let d(c) = -2*c**3 + 13*c**2 + 8*c - 4. Let k be d(7). Suppose -294 - 36 = -k*h. Calculate the greatest common divisor of h and 10.
10
Suppose -4*d + 76 = -4*u, 5*u + 21 = d - 2. Let g be 2475/(-63) - (-4)/14. Let y = g + 48. What is the greatest common factor of d and y?
9
Suppose 4*d - 6*d = -23*d + 84. Calculate the greatest common factor of d and 8332.
4
Suppose 2*s + 5 = -3*x + 42, s - 14 = -3*x. Suppose s*l = 20*l + 960. What is the highest common factor of l and 16?
16
Let s be -224 + 1 + 4 + 2. Let w = 297 + s. Calculate the highest common factor of w and 280.
40
Let l = -17 - -23. Let k be (l/(-7))/(5 - 8)*21. What is the greatest common factor of k and 14?
2
Let n be (-3)/(-12)*-2*-6. Suppose 0*g + g = 0, -72 = -n*p - 4*g. Suppose 0 = -42*b + 32*b + 480. Calculate the greatest common factor of p and b.
24
Let z(w) = 14*w - 99. Let i be z(7). Let h(q) = -17*q - 12. Let k be h(i). What is the highest common divisor of 205 and k?
5
Suppose 5*h - 2889 = -4*a, -3*h - 5*a + 851 = -872. Let f = h - 506. What is the highest common factor of f and 525?
75
Suppose -30 = 5*g, -8 - 96 = -2*y + 4*g. Calculate the highest common factor of y and 110.
10
Suppose c + y + 4*y = 8, c - 3*y = 0. Suppose c*o = -5*t + 126, 0*t = -4*t - 3*o + 102. Calculate the highest common factor of t and 3.
3
Let a(s) = s**2 - 9*s + 40. Let h be a(-13). Suppose -1006 = -4*w + h. Calculate the greatest common factor of w and 37.
37
Let m = -2894 + 2909. Calculate the highest common divisor of 2395 and m.
5
Suppose 4*g - 96 = 608*v - 604*v, -27 = -2*g - 5*v. What is the greatest common divisor of 22869 and g?
21
Let z = -32629 + 32655. Calculate the greatest common factor of 634 and z.
2
Let f be (-17 - (-14 + -16)) + 275. Calculate the highest common divisor of 1376 and f.
32
Let b(y) = 43*y**2 - 92*y**2 + 52*y**2 - 13*y - 12. Let g be b(7). Calculate the highest common factor of g and 22.
22
Suppose 9*t - 2319 + 1524 - 3822 = 0. Calculate the greatest common factor of 38 and t.
19
Suppose 9*p - 96 = 12. Let z be 13/5 + 21/(-35). Suppose 5*b = -5*u + 475, -z*u + 2*b + 59 = -135. What is the greatest common divisor of u and p?
12
Suppose 2*a = -4 - 6, -5*x - a = -15. Suppose 0 = -5*p - x*p + 288. Calculate the greatest common factor of 8 and p.
8
Let d = -8332 + 8407. Calculate the highest common divisor of d and 267.
3
Suppose 0 = 33*b - 35*b + 12. Calculate the highest common factor of b and 1458.
6
Let k = 791 + -789. Suppose -4*u + k*l - 5 = -35, -3*u - l = -35. Let w = 13 - 8. Calculate the greatest common factor of u and w.
5
Let q be ((-4302)/(-36))/(((-2)/4)/1). Let v = 259 + q. Calculate the highest common factor of v and 220.
20
Let w(g) = 6*g + 13. Let t be w(-10). Let k be ((-8)/18)/2 + t/(-9). Suppose -215 = -k*d + 85. What is the greatest common divisor of d and 45?
15
Let u = 82 - 79. Suppose -4*o + 67 = -u*o. Let h = 80 - o. Calculate the greatest common divisor of h and 117.
13
Let r be 2 + -2 + 3 - (-1 + 2). Suppose -r*n - 24 = -8*n. Suppose p - 220 = -n*u + 3*u, -920 = -4*u + 4*p. What is the highest common divisor of 9 and u?
9
Let r = -37049 - -37053. What is the greatest common factor of 4274 and r?
2
Let f be 279 - (34 - 12 - 22). Calculate the highest common divisor of 243 and f.
9
Let c = 207 + -114. Let l = -104 + c. Let g(j) = j**2 + 5*j - 1. Let q be g(l). What is the highest common divisor of 13 and q?
13
Suppose -5*p + 3*m = -369, 13*m = 5*p + 8*m - 375. Let h be (-6)/18*-27*1. Calculate the highest common divisor of h and p.
9
Let b be (1/(-3))/(5/(-14370) - 0). Let v = 1615 - b. What is the greatest common factor of 73 and v?
73
Suppose 2*s - 3 - 7 = 0. Let d(j) = 17 + 15*j + s*j - 6*j + 2*j**2. Let h be d(-6). Calculate the highest common divisor of h and 5.
5
Let i = -21 - -55. Let j be (810/(-24) + 4)*(-20)/5. What is the highest common divisor of i and j?
17
Let u(z) = z**3 + 12*z**2 + 20*z + 242. Let t be u(-12). What is the greatest common divisor of 857 and t?
1
Suppose -7*w - 4500 = -8*w. What is the highest common divisor of 36 and w?
36
Suppose -5*c = -2*v + 63, -c + 2 = 5*v - 223. Suppose -2*y = -v - 28. What is the greatest common factor of y and 66?
6
Let y = -1104 - -1188. What is the highest common factor of 63 and y?
21
Suppose -6*z + 12*z = 9180. Suppose 7*j = -3*j + z. Calculate the highest common factor of 18 and j.
9
Suppose -2*g + w = 0, 2*w + 8 = 4*g + w. What is the greatest common factor of g and 1234?
2
Let x(n) = -65*n + 1605. Let j be x(15). What is the greatest common divisor of 168 and j?
42
Let i = 486 + 332. Let b = i - 686. Calculate the highest common divisor of b and 24.
12
Suppose -315*b - 22275 = -414*b. Calculate the highest common factor of b and 855.
45
Suppose 5*t = -20, 10*t = 2*n + 9*t - 380. Suppose 0 = -72*x + 74*x - 188. What is the greatest common factor of n and x?
94
Let k be -17 - (-3 + 2 - 3). Suppose r - 6*r + 12 = -4*g, 2*g + 3*r - 16 = 0. Let x = g - k. Calculate the greatest common factor of x and 135.
15
Let r(v) = 25*v - 10. Let w be r(7). Suppose -9*x + 4 + 5 = 0. Let p be 14 - (x - (0 + 2)). What is the greatest common divisor of w and p?
15
Let f(p) be the third derivative of p**5/30 - p**4/4 - 5*p**3/3 + 9*p**2 - 4*p. Let a be f(-7). What is the greatest common divisor of a and 30?
10
Let l = -7539 + 8485. Calculate the highest common divisor of 215 and l.
43
Let r be 12/(-20) - 11622/(-745). Let a be 88 + 5 + -1 + -2. Calculate the highest common divisor of a and r.
15
Suppose -559*k + 516*k + 810894 = 0. What is the greatest common factor of k and 42?
42
Let j(r) = 223*r + 1226. Let m be j(21). Calculate the highest common factor of m and 38.
19
Suppose 40*j - 2054 = 14*j - 546. Calculate the greatest common divisor of 48720 and j.
58
Let h be ((-537140)/321)/(4/(-6)). Calculate the highest common divisor of h and 30.
10
Let b(s) = s**3 + 24*s**2 + 92*s - 11. Let x be b(-11). Let g = x - 532. Calculate the greatest common divisor of g and 342.
18
Let x = 272 - 270. Suppose -5*o + 400 = -3*i, 0*o = -x*o + 5*i + 160. What is the highest common divisor of 5 and o?
5
L